2
Let v be 2/11 - 9450/(-55). Suppose -4*q + 68 = -v. List the prime factors of q.
2, 3, 5
Let x = -15 + 19. Let o(z) = 7*z**2 + 15*z - 3. Let b(t) = -6*t**2 - 15*t + 3. Let m(k) = x*o(k) + 5*b(k). List the prime factors of m(-7).
2, 5
List the prime factors of ((-6 - -2) + (-2)/2)*-122.
2, 5, 61
Suppose -2*u + 5*u - 3*a = 54, u - 4*a - 33 = 0. Suppose u = -3*i - 11. Let n = i + 16. What are the prime factors of n?
2
Let s = 54 + 1. Suppose s = 3*f - 68. List the prime factors of f.
41
Let p(s) = 4*s**2 - 9*s - 9. Let d(m) = -m**2 + 2*m + 2. Let c(x) = -9*d(x) - 2*p(x). Let f be c(2). Let q = 25 - f. List the prime factors of q.
3, 7
Suppose -3*b = 12, b = 9*z - 6*z - 7282. List the prime factors of z.
2, 1213
Suppose -17*d = -19*d + 816. List the prime factors of d.
2, 3, 17
Let h(m) = -50*m**3 - m**2. Let t be h(-1). Suppose -5*i + t = 14. Suppose -139 - 85 = -i*q. List the prime factors of q.
2
Let g be 237 + (-2)/6*3. List the prime factors of ((-5)/(-10))/(2/g).
59
Let n(s) = s**2 + 2*s. Let a be n(-2). Suppose -2*o = 2*o - 3*q - 4, a = 2*q. What are the prime factors of o/2*38 - 2?
17
Let q(f) = f**2 - f - 4. Suppose d = 2*o - 15, -3*d + 4*o = -24 + 71. Let p = d + 14. What are the prime factors of q(p)?
2
Let a(t) = 26*t**3 - 10*t**2 + 3*t + 1. Let h be a(3). Suppose -9*q + 1493 = -h. What are the prime factors of q?
5, 47
Let g(t) = 18*t + 3. Let m(z) = -z**2 + 17*z + 4. Let h(i) = 2*g(i) - 3*m(i). List the prime factors of h(11).
2, 3
Let c be 8/18*18/4. Let g be 1/(-4 + c)*-6. Suppose x = -g + 13. What are the prime factors of x?
2, 5
Let j(k) = -k**3 + 24*k**2 - 40*k - 1. What are the prime factors of j(21)?
2, 241
Let r be (-3)/((-2)/8*-4). List the prime factors of ((-152)/12 - r)*-3.
29
Suppose 6*f + 9 = -9. List the prime factors of f/(((-1)/6)/(80/18)).
2, 5
Suppose -8*g = -13*g + 4*h + 1365, 2*h - 1118 = -4*g. List the prime factors of g.
277
Let j = 61 + -59. Suppose f = j*w + 88, 3*f - 4*f + 4*w + 90 = 0. What are the prime factors of f?
2, 43
Suppose -3*d + 5*n - 34 = 0, 3*d - 4*n + 18 + 11 = 0. Let t be (1/d)/((-12)/(-36)). What are the prime factors of t + 47 - (-4)/2?
2, 3
Suppose -3*s - 4*w = 4, 2*s = 3*w + 10 + 10. Let q(h) = h**3 - 2*h**2 - 2*h - 5. List the prime factors of q(s).
19
Suppose -2*j - 2*j - 4*i + 7920 = 0, 0 = -3*j + 2*i + 5965. What are the prime factors of j?
5, 397
Suppose 2*x = x + 3*d - 5, -4*x - 4*d - 100 = 0. Let k = x - -149. What are the prime factors of k?
3, 43
Suppose -3*m = -5*w - 19, -3*w + 4*w = 5*m - 17. Let i be 42 - 24 - 12 - 402/2. List the prime factors of (i/20)/(w/8).
3, 13
Suppose 0 = -5*r + 2330 + 750. List the prime factors of r.
2, 7, 11
Let w be (1 + 2)*-1 - (19 - 15). List the prime factors of (-2)/w + 234/14 + 0.
17
Let j(y) = 5*y + 14. Let c be j(7). What are the prime factors of (c/(-2))/(2/(-4))?
7
Let d be 13 + -7 + (2 - 0). Suppose -d - 16 = 3*n. What are the prime factors of 60/n*(-42)/9?
5, 7
Suppose 13*b - 45352 + 2751 = 0. What are the prime factors of b?
29, 113
Suppose 49*a = 16*a + 26004. What are the prime factors of a?
2, 197
Suppose -31 - 53 = -14*i. Let x(q) = -q**2 + 31*q + 2. What are the prime factors of x(i)?
2, 19
Let u(l) be the third derivative of -l**5/60 - l**4 - 11*l**3/3 + 25*l**2. List the prime factors of u(-12).
2, 61
Let u = 59 - 22. Suppose -u = 2*y - 83. List the prime factors of y.
23
Let o(a) = -11 + 17*a - 4*a - 26 + 8. What are the prime factors of o(10)?
101
Suppose -7 = -4*x - 3*l, 2*l = 2*x + 2*x + 18. List the prime factors of 1/x*(-9 - 127).
2, 17
Let n = -12 + 7. Let v = n + 1. Let x(l) = l**3 + 6*l**2 + 7*l + 5. What are the prime factors of x(v)?
3
Let i(s) = 21*s + 141. List the prime factors of i(7).
2, 3
Suppose -o - 4*o = -80. Suppose o = g - 17. Suppose 2*z + 2*z + p - 54 = 0, 3*p + g = 3*z. What are the prime factors of z?
13
Let d(w) = -w**3 - 9*w**2 + 2*w - 14. Let h be d(-9). Let n be (-67)/(-1) - 2/(-2). Let p = h + n. List the prime factors of p.
2, 3
What are the prime factors of 2/(-14) + (-35)/((-1225)/8160)?
233
Suppose 0 = -3*d - 2*a + 1136, 4*d + 2 - 1486 = 5*a. List the prime factors of d.
2, 47
Suppose 2*s = 3*s. Suppose s = -3*j - j - 288. Let m = j + 109. What are the prime factors of m?
37
Let t = 1670 - 998. What are the prime factors of t?
2, 3, 7
Let l be (-334)/(3/12 - 3/(-4)). Let x = -205 - l. What are the prime factors of x?
3, 43
Suppose -2*v + 1166 = 3*z, z - 5*v - 204 - 179 = 0. List the prime factors of z.
2, 97
Let z = 81 - 66. Suppose -12*f = -7*f - z. What are the prime factors of f?
3
Let g(u) be the third derivative of u**4/12 + 5*u**3/6 + 8*u**2. Let v be g(2). Let x(m) = 7*m - 1. List the prime factors of x(v).
2, 31
Let n = -390 - -1336. What are the prime factors of n?
2, 11, 43
Suppose 18*d = 27*d - 48591. What are the prime factors of d?
5399
Let o be (2 - (3 - 2))*3. Suppose 0*j - 2*j - 2*l + 120 = 0, -4*j = -o*l - 240. List the prime factors of j.
2, 3, 5
Let q(u) = u**3 - 5*u**2 - 7*u + 9. Let j = 4 + 0. Let l be (-414)/(-63) + j/(-7). What are the prime factors of q(l)?
3
Suppose -5 = -c + z - 3*z, -4*c + 3*z = 2. Suppose -236 = 3*q + 58. List the prime factors of q/(c - (-6)/(-2)).
7
Let q(c) = -c**3 - 8*c**2 + 21*c - 4. Let p be q(-11). Suppose 0 = -o + 140 - p. List the prime factors of o.
2, 3
Let u = 535 - 350. Suppose 10*m = 5*m + u. List the prime factors of m.
37
Let u(l) = l**3 + l**2 - 2*l + 49. Let j be u(0). Suppose -5*w + m + 52 = 0, -8*w = -3*w - 2*m - j. What are the prime factors of w?
11
Let k be -2*(-5)/4*2 + -3. Suppose -k*x - 488 = -10*x. What are the prime factors of x?
61
Let j = 6 + -4. Let m be 12*1 + 1 + j. What are the prime factors of 424/20 + (-3)/m?
3, 7
Let a be 11/(-66) - (-62)/12. Suppose a*q = 9*q + 4. What are the prime factors of -13*(q + (-9)/3)?
2, 13
Suppose -r - 4*r + 852 = 2*c, 2*r + 3*c = 332. Suppose 678 = 2*b + r. List the prime factors of b.
11, 23
Let i be (216/60)/(6/40). Let r(u) = i*u + 38*u - 5*u - 3. List the prime factors of r(1).
2, 3
Suppose -5*g + 2 = -3*u, 4*g = -5*u - 21 + 67. What are the prime factors of 0 + 2/u + (-1686)/(-18)?
2, 47
Let v(k) = k**2 + 16*k - 22. Let l(d) be the first derivative of -d**3/3 + 4*d**2 - 18*d + 1. Let h be l(8). What are the prime factors of v(h)?
2, 7
Suppose 41168 = 2*u + 14*u. List the prime factors of u.
31, 83
Let s(z) = -z + 7. Let i be s(5). Suppose -3*d - 722 = i*o, -4*d - 579 = -5*o + 422. List the prime factors of 2/3 - d/12.
3, 7
Suppose 2*t + 0*t = 7*t. Suppose 3*u - 227 - 79 = t. List the prime factors of u.
2, 3, 17
Suppose -942 = -10*x - 162. What are the prime factors of x?
2, 3, 13
Let r(d) = d**3 + d**2 - 2*d + 1. Let y be r(0). Let l = y + 69. What are the prime factors of l?
2, 5, 7
Let s = 905 - 358. List the prime factors of s.
547
Suppose 5*b + 60 = -5*k, k = 4*b + 12 + 1. What are the prime factors of ((-39)/4)/(k/(896/12))?
2, 13
Let y be (-126)/(-28) - 2/4. Suppose 0 = y*i - 31 - 5. List the prime factors of i.
3
Suppose 5*o - 2068 = 2*z, -z = -5*o - 5*z + 2074. What are the prime factors of o?
2, 3, 23
Let m(p) = -p**3 - 20*p**2 + 15*p + 11. What are the prime factors of m(-21)?
137
Let c = 1294 + -677. What are the prime factors of c?
617
Let o = 86 - 81. Suppose -4*r - 20 = 0, 2*v - 214 = v + o*r. List the prime factors of v.
3, 7
Let w be 0/((-4)/(-1 - 3)). Suppose w = u + 6 - 19. Suppose 2*r = -x + 27, -4*x - r + u = -67. What are the prime factors of x?
19
Suppose 6*s - 7162 = -2494. List the prime factors of s.
2, 389
List the prime factors of (-1518)/(-121) + -12 - (-69354)/22.
3, 1051
Suppose -2*f - 2*m = -3*m - 73, m = -f + 35. Suppose 4*v + 46 = 3*c - 72, f = c + 2*v. List the prime factors of c.
2, 19
Suppose -4204 = -4*w + 5*r, 95*r = -w + 94*r + 1051. List the prime factors of w.
1051
Let i be 36/16*1056/9. Suppose 5*q = q + i. What are the prime factors of q?
2, 3, 11
List the prime factors of ((-8)/(-14))/(6/63).
2, 3
Let c = 1373 + 529. List the prime factors of c.
2, 3, 317
Let z be ((-2)/((-4)/6))/1. Suppose -4*p + 280 = z*r, 2*p = 3*p - r - 77. List the prime factors of p.
73
Suppose 38*b + 3*b = 3198. List the prime factors of b.
2, 3, 13
List the prime factors of ((-51393)/148)/(2 - 57/24).
2, 463
Let t(j) = -23 - 32*j + 12 - 13*j + 3*j. List the